3 - 15*i**2 - 8*i + 237. Let g be v(-13). Let q(a) = 7*a**2 + a + 10. Let f(y) = -y**2 - y - 1. Let z(m) = -6*f(m) - q(m). Determine z(g).
2
Let m(y) = -2*y**2 + 83 + 83 - y**3 - 3*y - 164 + y**2. What is m(2)?
-16
Let d(v) be the second derivative of 8*v - 1/12*v**4 + 0 - 5*v**2 - 5/3*v**3. Suppose 4*p = 4*i - 0*i + 48, 2*i = -5*p + 11. Give d(i).
11
Let c(j) be the first derivative of -j**2 - 30*j - 2. Let s(i) = i + 16. Let m(l) = 3*c(l) + 5*s(l). Calculate m(-3).
-7
Let b(c) = 431 - 5*c + 3*c + c + 2*c - 430. Calculate b(3).
4
Let j(o) = -o + 7. Suppose 30*l - 4*l = -12*l. Give j(l).
7
Let u be ((-650)/(-91))/(-5)*7. Let m(q) = -2*q + 12. Give m(u).
32
Let a = -1170 + 1165. Let q(w) = 2*w + 7. What is q(a)?
-3
Let j(n) be the second derivative of -n**4/12 + n**3/6 - 22*n. Suppose 0*z - z = 20. Let s be (z/(-25))/((-4)/(-10)). What is j(s)?
-2
Let t(d) = d**3 - 29*d**2 + 52*d + 62. Let v be t(27). Suppose 15*l + 7 = -v. Let n(i) = -2 + 1 + 2*i**3 - i**3. What is n(l)?
-2
Let z(c) be the first derivative of 9 + 1/3*c**3 + 0*c**2 - 5*c. Calculate z(4).
11
Suppose 5*x = 128 - 18. Let v = x - 18. Suppose -4*q = q + 4*p - 38, 0 = q - p - v. Let r(k) = -k + 7. Calculate r(q).
1
Let l(q) = q**3 + 7*q**2 - 16*q - 139. Let h be l(-6). Let i(u) be the third derivative of -u**5/60 - 3*u**4/8 - u**3/3 - u**2. What is i(h)?
12
Suppose -z + 4*q - 20 = 0, -z - 4*z = 4*q + 4. Let f be -12*(3 + 4/(-3) + -2). Let h(i) = i - 5. Let b(y) = -y + 4. Let p(v) = f*b(v) + 3*h(v). Give p(z).
5
Let c be 1/(-4 - (-65)/15). Let v(k) = -k**3 + 4*k**2 - 3*k + 9*k + c - 4 + 0. Give v(5).
4
Let i(r) be the second derivative of r**4/12 - r**3/6 - 2*r**2 + r. Suppose 455*p - 252 - 836 = 277. Give i(p).
2
Let f(l) = -21*l. Suppose -4*d = 5*r + 11, -8 + 2 = 2*r + 2*d. Determine f(r).
-21
Suppose -3*f = -15, 4*c - 34 = 2*f - 36. Let q(o) be the third derivative of 0*o**4 + 0*o + 0 + 1/30*o**5 + 0*o**3 + 1/120*o**6 + 3*o**c. Determine q(-2).
0
Let i(l) = -3*l**2 - 7*l + 4. Let v(b) = b**2 + 2*b - 1. Let r(p) = -6*i(p) - 17*v(p). Let z(t) = -2*t**2 - 42*t - 143. Let k be z(-17). What is r(k)?
-14
Let u(g) be the first derivative of g**3/3 + g + 1. Let q(s) be the first derivative of u(s). Suppose 11*i = 2072 - 2094. Determine q(i).
-4
Let s(o) = 17 - 4*o + 7*o - 7 + 0*o. What is s(7)?
31
Let k(z) = -z**3 - 14*z**2 + 15*z + 10. Suppose 3*d - 6*g + 65 = -g, -11 = d + g. Determine k(d).
10
Suppose -a + p = -9, 2*p = -0*p - 10. Let f(g) = g**2 - 27 - a*g + 9*g + 30. Calculate f(-2).
-3
Let s(z) = 3*z**3 - 2*z**2 - 12. Let c(l) = -5*l**3 + 3*l**2 - l + 12. Let o(x) = -2*c(x) - 3*s(x). Give o(0).
12
Suppose 2*u - 33 = -u. Let o be ((-10)/(-8))/(u/44). Let i(z) = -3*z - 6*z**2 + z + z**3 + 8*z. What is i(o)?
5
Let m(v) = v**3 + 20*v**2 + 17*v - 36. Let y be m(-19). Let q(g) = -5*g**y + 12 - 10 + g + 6*g**2 + 4. Calculate q(0).
6
Let o = 101 + -104. Let s(n) = n. Let p(h) = 5*h - 7. Let u(i) = p(i) - 3*s(i). Let m(w) = -w + 6. Let a(k) = 3*m(k) + 2*u(k). Calculate a(o).
1
Let u(v) = 31*v**2 - 4*v + 1. Let b(n) = 11*n**2 - n. Let y(o) = 17*b(o) - 6*u(o). Determine y(4).
38
Let z(r) = 4*r**2 + 4*r - 2. Let l = -102 + 97. Let s(g) = -7*g**2 - 7*g + 4. Let m(u) = l*z(u) - 3*s(u). What is m(0)?
-2
Let y(r) = -r**2 - 1. Let n be y(0). Let i(x) = 4*x. Let k be i(n). Let z(u) = 0*u - 27*u**3 + 5*u**2 + 2*u + 28*u**3 - 2. Calculate z(k).
6
Let j(b) = -b**3 - b + 9. Suppose -2*h = 15 - 23. Suppose 0 = s + h*s. Calculate j(s).
9
Let u(w) = w - 12. Let x(h) be the third derivative of -2/3*h**3 - 5*h**2 + 0 + 0*h + 1/8*h**4. Let b be x(3). Give u(b).
-7
Let i = -150 - -151. Suppose -g - c = i, -2*g = -3*c - 2*c + 23. Let u(f) be the second derivative of -f**4/12 - f**3/2 + f**2/2 - f. Determine u(g).
-3
Let w(p) = -p**3 + 13*p**2 + p - 19. Suppose 4*x = -16, -38 = -3*y - 3*x - 11. Let l be w(y). Let t(c) = -c**3 - 7*c**2 - 5*c - 1. Determine t(l).
-7
Let f(x) = -3*x - 2. Let n(c) = 16*c + 53. Let q(p) = -6*f(p) - n(p). What is q(18)?
-5
Suppose -l + 2 = 4*k, -2*l + 2 = -3*k - 2. Suppose -3*c = l*q - 16, -q - 18 = -0*q - 5*c. Let m(i) = -2*i + i**3 + 2*i + 0*i + 7*i**2 + q. Determine m(-7).
2
Let q(l) = l - 9. Suppose 0 = 2*x - 4*h + 2, 3*x - 26 = -4*h + 11. Calculate q(x).
-2
Let t = -122 - -118. Let m(x) = 1. Let q(i) = -i - 1. Let d(n) = -3*m(n) + q(n). Calculate d(t).
0
Let s(v) = 11*v + 33. Let z(o) = 12*o + 44. Let h(p) = 4*s(p) - 3*z(p). Suppose 7 - 19 = -5*x - b, 0 = 2*x + 3*b - 10. Calculate h(x).
16
Let d be 36 + 0 + 2 + 4. Let k = d + -43. Let i(s) = -4*s**3 - 2*s**2 + 1. Calculate i(k).
3
Suppose 8 = 2*s + 2*c, s + 16 = -0*c + 3*c. Let m be 8/(5 + s) - -4. Let v(w) = -4 + 3 - 2 - 3 + w. Calculate v(m).
0
Let n(x) be the second derivative of -6*x**2 + 1/20*x**5 + 0 + 2/3*x**4 - 2/3*x**3 + 11*x. Calculate n(-8).
20
Let l(q) = 13*q**3 + q**2 + q - 1. Let v be 4/(-4) + 4 - 0/2. Suppose -8*n = -5 - v. What is l(n)?
14
Let s(y) = 2*y**2 - 4*y + 2. Let t = -144 - -148. Give s(t).
18
Let t(u) = -u**2 + 10*u - 4. Let q be t(9). Suppose -4*x - 21 = -q*w, -5*x = 2*w - 4 - 11. Let a be (0 - -1)/(0 + x). Let m(c) = 5*c. Determine m(a).
5
Let x(q) = 1220 - 1213 + 4*q**2 + 0*q**2 - q**3. What is x(5)?
-18
Let o(s) = 4*s - 3. Let b(f) = -f**3 - 4*f**2 + 4*f + 1. Let j be b(-5). Suppose j + 14 = 2*a. Suppose a*q - 11*q = -2. What is o(q)?
5
Suppose -5*y - q + 25 = 2*q, 3*q = 5*y - 25. Let f(b) = -b**3 - 1. Let s(x) = 6*x**3 - 3*x**2 + 2*x + 7. Let u(a) = y*f(a) + s(a). Determine u(3).
8
Let z = 3023 - 362747/120. Let s(h) be the third derivative of -1/6*h**3 + 2*h**2 + 0*h**5 + 0*h + 0*h**4 + 0 + z*h**6. Calculate s(1).
12
Let x(z) = -2*z**2 - 4*z - 2. Let c(w) = 4*w - 2. Let u be c(3). Let l be (-4)/(-10) - (-186)/(-15). Let v = u + l. Determine x(v).
-2
Let n(a) = -a**3 + 3*a**2 - 4*a + 4. Let c = 2 - 3. Let o(q) = -q**3 + 2*q**2 + 2*q + 1. Let s be o(c). Let w(j) = 1. Let y(k) = s*w(k) - n(k). Give y(2).
2
Let g be 2/(-14) - 570/(-21). Let b = -22 + g. Let d(c) = -c**3 + 5*c**2 - c + 1. Calculate d(b).
-4
Let r(t) = -t**2 - 7*t. Let i(v) = 15*v - 243. Let j be i(16). What is r(j)?
12
Let h(a) = -535*a**2 + 533*a**2 + 3 - 2*a + a - 1. Let b(l) = l**2 + l - 1. Let z(p) = 5*b(p) + 3*h(p). What is z(2)?
1
Suppose -15*k + 27*k = -12. Let s(i) = 27*i**3 + 2*i**2 - 1. Calculate s(k).
-26
Let c = 71 + 49. Let n = c - 116. Let q(a) = 2*a**2 - 6*a + 2. Determine q(n).
10
Let z(f) be the first derivative of f**4/4 - 4*f**3/3 - f**2/2 + 4*f - 180. What is z(4)?
0
Let l(d) = d + 10. Let x(v) be the third derivative of v**6/120 - v**5/10 + v**4/12 - 11*v**3/3 + 11*v**2 - 1. Let r be x(6). What is l(r)?
0
Suppose 6 = 2*h - 2. Let p(z) be the first derivative of 3*z**2 - 6*z - 31 - 1/3*z**3. What is p(h)?
2
Suppose 4*f = -46 - 50. Let o be f/(-30) + 2/(-5)*22. Let v(s) = s**2 + 7*s - 1. What is v(o)?
7
Let f be (-10)/(-4)*(-128)/(-10). Let h(i) = f*i**2 - 64*i**2 - 7 + 8*i + 31*i**2. What is h(6)?
5
Let z(t) be the third derivative of -t**4/24 - 4*t**3/3 + 2*t**2. Let i be 1/((-3)/(-54)*3). Let l = i - 10. Give z(l).
-4
Let n(y) = y**3 + 6*y**2 - 2*y + 10. Let g be n(-5). Let t = -27 + g. Let r = t - 24. Let s(f) = f**2 + 5*f + 5. Calculate s(r).
11
Suppose 15 = 8*s - 5*s. Suppose -2*r - 14 = -0*i - 2*i, -2*i - s*r = 0. Let l(n) = -i - 2 + 5 + 3*n. Determine l(-2).
-8
Let f = -9 + 14. Suppose -20 = 5*m - f*y - 0, 5*m + 2*y = -27. Let g(z) = z**2 + 6*z + 5. Calculate g(m).
0
Let x(s) = 19*s + 3. Let c be 36/4*(-16)/72. Calculate x(c).
-35
Let w(n) = n**2 + 9*n + 31. Let s = -240 - -233. Give w(s).
17
Let f(v) = -16*v - 532. Let t be f(-33). Let i(p) = -p**3 - 3*p**2 + 5*p. What is i(t)?
-4
Let f(z) be the first derivative of -z**3/3 - 7*z**2/2 - 15*z - 78. Give f(-6).
-9
Suppose 0 = -11*s + 426 - 349. Let l(z) = -5*z + 35. What is l(s)?
0
Suppose -2060*p - 5 = -2059*p. Let u(y) = y**3 + 4*y**2 + 5*y - 7. Give u(p).
-57
Let h(v) be the third derivative of v**5/60 + 5*v**4/24 - v**3/3 + v**2. Suppose l = 2*n - 68, 3*n - 5*l - 112 + 24 = 0. Suppose -4 + n = -8*r. What is h(r)?
-6
Let m(d) = d**3 + d**2 - 6*d + 6. Let r be m(2). Let t(o) = 2*o - 2. Determine t(r).
10
Let l = 27 - 29. Let b be (-16)/4*l - -1. Let y(i) = -i**2 + 9*i + 2. Give y(b).
2
Let c(y) be the third derivative of y**4/24 - 8*y**3/3 - 174*y**2. Calc